. Suppose 2*d - j - 80 = 0. List the prime factors of d.
53
Let z(h) = 38*h - 6. Suppose t - 19 = 16*g - 11*g, 3*t + 2*g - 6 = 0. Let c be z(t). List the prime factors of (c/(-4))/((-2)/8).
2, 73
Let n(c) = c + 11. Let q be n(-8). Suppose 398 = 12*u - 262. Suppose q*d = u + 17. What are the prime factors of d?
2, 3
Let w = 6705 + -2798. List the prime factors of w.
3907
Let i = 41 - 39. Let c(k) = 277*k + 7. Let x be c(i). Suppose 4*o + 3*d + 0*d = x, -3*d + 702 = 5*o. What are the prime factors of o?
3, 47
Suppose -3*n = -3*x + 69, 0 = 2*x - 4*x - 2*n + 26. What are the prime factors of 0 + (-3381)/(-5) - x/90?
2, 13
List the prime factors of (-85891)/(-5) + (5236/170 - 31).
2, 3, 7, 409
Let h(t) = -t**2 - 21*t - 81. Let m be h(-16). List the prime factors of 16 - -235 - 2*m/2.
2, 3, 7
Let i(z) = -94*z + 3609. List the prime factors of i(11).
5, 103
Let o be (-7)/(-2) - -3*(-10)/(-60). Suppose -3*d - 113 = -2*b + 2*d, 4*b - 156 = -o*d. What are the prime factors of b?
2, 11
Suppose 6680 = 17*j - 3673. Suppose -5*n - 2*y + j = -y, -4*y - 226 = -2*n. What are the prime factors of n?
11
Suppose -4*s - 6*s = -30. Suppose 4*r = t + 83, -3*r = s*t + 181 + 98. Let i = -82 - t. What are the prime factors of i?
3
Let o(y) = y**2 + 4*y + 5. Let g be o(-4). Suppose 6*t - 3*t + 5*z = -13, z - 15 = -g*t. List the prime factors of (3 + -2)/(t*(-2)/(-424)).
53
Suppose 165663 + 254411 = 58*k - 418548. List the prime factors of k.
19, 761
Let p be -29 + 37 + 110*-1. Suppose 0 = 2*t - 7*t - 190. Let v = t - p. What are the prime factors of v?
2
Let s(o) = -10*o + 15*o**2 + 2*o**2 + 6546 - 2*o**2 - 6575 + o**3. What are the prime factors of s(-12)?
523
Let k(z) = z**3 - z**2 + z. Let l(f) = -3*f**3 + 14*f**2 - 9*f + 19. Let a(o) = 4*k(o) + l(o). List the prime factors of a(-6).
193
Suppose -8*m + 14*m = -1230. Let k be 6*(2 + m/(-10)). Let a = k - 32. What are the prime factors of a?
103
Let g = 3304 - 1357. What are the prime factors of g?
3, 11, 59
Let j(f) = f**2 + 249*f + 29571. What are the prime factors of j(0)?
3, 9857
Let y(i) = 4309*i**2 + 4305*i**2 - 8610*i**2 - 20 + 6*i + 29. Let x = 2 + -4. List the prime factors of y(x).
13
Let x = -25 + 30. Suppose -37 + 27 = -x*d. Suppose -n + 2*n + d*g - 41 = 0, 4*n - g - 173 = 0. List the prime factors of n.
43
Suppose -7*s + 2*s - 155 = 5*c, 5*c + 3*s + 157 = 0. List the prime factors of c/2*(-1958)/44.
2, 89
Suppose j = -s + 87, 2*j - 4*s - s - 174 = 0. Let c = -580 + 558. Let w = j + c. List the prime factors of w.
5, 13
Suppose 5*j - 4*n - 337 = -87, -87 = -2*j - n. Let p(c) = c**3 - 47*c**2 + 58*c - 81. What are the prime factors of p(j)?
3, 157
Suppose 0 = -4*i + 4*t + 1592, 257*i - t - 1598 = 253*i. List the prime factors of i.
2, 5
Let u(o) = 160*o**2 + 10*o - 10. Suppose 2*m - 20 + 11 = -g, 0 = g + 5*m - 18. List the prime factors of u(g).
2, 5, 73
Suppose -154*k = -13*k - 2538423. List the prime factors of k.
3, 17, 353
Let x = -790 - -1131. Suppose i = 2, -5*s + 2*i = -0*i - x. Suppose 0 = z - 66 - s. What are the prime factors of z?
3, 5
Let y(l) = 13*l**2 - 4*l - 268. What are the prime factors of y(-29)?
10781
What are the prime factors of (((-2100)/(-8))/15)/((-3)/(-2382))?
5, 7, 397
What are the prime factors of 2124/(-4)*(-173 + 67)?
2, 3, 53, 59
Let u(f) = 8*f**3 + 3*f**2 - 3*f - 10. Let x be u(2). Suppose -5*j = 5*v - 45, 2*j = -j + v + 15. Suppose j - x = -l. List the prime factors of l.
2, 3
Let q be (7/((-42)/15))/((-1)/2). Suppose -119 = -2*l + 5*m + 231, -q*l + 5*m = -875. Suppose -l - 1397 = -12*v. What are the prime factors of v?
131
Let q be -303 + 19 + (2 - 2/(-1)). Let t = 806 + q. What are the prime factors of t?
2, 263
Let k(i) = 2 + 58*i - 3 + 4. Let w be (4/(-8)*-10)/((-5)/(-2)). List the prime factors of k(w).
7, 17
Let x = -29 - -31. Suppose -x*q = -2*r + 2906, 0 = -2*q - q - r - 4363. What are the prime factors of q/(-16) - ((-1)/(-8))/(-1)?
7, 13
What are the prime factors of -4486*(5 + -19 - -13)?
2, 2243
Suppose 0 = 4*x + 12, n = -8*x + 11*x + 3420. List the prime factors of n.
3, 379
Let k = 82 - 78. Let w be (-58)/(-18) + k/(-18). Suppose 80 = w*s - 106. What are the prime factors of s?
2, 31
Let j = 5870 + -5870. Let f(n) = 3*n**2 - 2*n + 22. Let g(m) = -13*m**2 + 9*m - 87. Let d(p) = 9*f(p) + 2*g(p). What are the prime factors of d(j)?
2, 3
Let m(d) = -26*d**3 - 9*d**2 - 24*d + 46. What are the prime factors of m(-8)?
2, 13, 499
Let m(n) = 7*n - 47. Let r be m(6). Suppose 6*t + 15 = 3. What are the prime factors of (2 - t) + r + 133?
2, 3, 11
Suppose -40 = -5*g - 2*a, -3*a - 4 = -g - 13. Suppose g*z = 18 - 54. Let o(d) = 7*d**2 + 9*d + 27. What are the prime factors of o(z)?
3, 5
Suppose 0 = v + 240*b - 244*b - 4407, -5*v = 2*b - 21969. List the prime factors of v.
3, 5, 293
Let b = 108715 + -47657. What are the prime factors of b?
2, 30529
Let i be (-33)/44*(-92 - 0). Suppose -33 = 5*j + 172. Let y = i + j. List the prime factors of y.
2, 7
Suppose 3 = 2*w - 3*w. Let s(l) = 29*l**2 - 11*l - 27. List the prime factors of s(w).
3, 89
Let w(t) = 9*t**3 - t**2 + 2*t - 1. Let q be w(1). Suppose 4 - q = l. Let k(d) = d**3 + 5*d**2 - 6*d + 6. List the prime factors of k(l).
2, 3
Let z(p) = -6*p**3 + 48*p**2 + 569*p + 120. List the prime factors of z(-23).
85427
Let r(k) = 87*k**2 + 247*k + 731. List the prime factors of r(-3).
773
Let w(h) = h**3 - 22*h**2 + 22*h - 9. Let a be w(21). List the prime factors of a/((-16264)/(-2320) - 7).
2, 5, 29
What are the prime factors of -15618*((-15)/6 - -2)?
3, 19, 137
Let n be -469*(-3 - (-8 - -6)). Suppose 4*c + 2*d = 1091 + n, 4*c - 1566 = -5*d. What are the prime factors of c?
389
Suppose 19*z - 17705 + 1498 = 0. What are the prime factors of -2 + z/(1 + -6 + 6)?
23, 37
Let n be 4/(4 - 0) - -2. Suppose n*l - 4*o = -19, 0 = -2*l - o - 2*o + 10. List the prime factors of 2/((-48)/(-44) + l).
2, 11
Let w(x) = 3*x - 24. Let o be w(10). Suppose -o*l = -12*l - 654. Let z = 55 - l. What are the prime factors of z?
2, 41
Let x(a) = -372*a - 2535. List the prime factors of x(-35).
3, 5, 233
What are the prime factors of -12 + 13/(130/75240)?
2, 3, 313
Let n(m) = 7*m - 13. Let w be n(4). Suppose -w*g = -12*g - 267. What are the prime factors of g?
89
Suppose -28 = -3*f + f. Suppose 3*d - 25 = 2*s, 0 = 3*s + 2 - f. Suppose -268 - 1591 = -d*x. List the prime factors of x.
13
List the prime factors of (2/7 + 139875/70)/(1/2).
7, 571
Suppose -362 = 7*d - 1118. Suppose w = 2*i + 20, -62 - 18 = -4*w - 2*i. Suppose -d + w = -g. List the prime factors of g.
2, 11
What are the prime factors of 85654 - -3 - ((-1)/5)/((-24)/(-120))?
2, 42829
Suppose 5*h - 345 = -18*h. What are the prime factors of ((-4)/(-36)*543)/(5/h)?
181
Let q(b) = 2*b**2 - 36*b + 68. List the prime factors of q(-25).
2, 1109
Let s = 10118 + -7774. List the prime factors of s.
2, 293
List the prime factors of (-41)/(515/309 - (-5936)/(-3558)).
41, 593
Suppose 0 = 2*y + 61 - 169. Let h be (3*(-6)/y)/((-1)/6). Suppose 0 = k - 2*q - 36, h*q = -2*k + 14 + 70. What are the prime factors of k?
2, 5
What are the prime factors of 143/66*2*1851?
13, 617
Suppose 0 = -q - 5, -5*q + 10*q + 25 = -3*x. Suppose -2*n + 117 + 13 = x. Suppose 0*h + 5*h - n = 0. What are the prime factors of h?
13
Let l(o) = 4*o - 38. Let y be l(10). Suppose 327 = 2*z - 411. Suppose -y*a + z + 17 = 0. List the prime factors of a.
193
Suppose -21*s + 50166 = 2*s - 5*s. What are the prime factors of s?
3, 929
Suppose 2*x + 3 = -1. Let d(k) = 8*k - 2. Let t(q) = 31*q - 7. Let o(y) = -9*d(y) + 2*t(y). List the prime factors of o(x).
2, 3
Suppose -654 - 18 = 7*f. Let h be ((-2)/4)/((-12)/5112). Let y = f + h. List the prime factors of y.
3, 13
Suppose -2*a + 4*f = -39110, 5*a + 17606 = f + 115354. List the prime factors of a.
113, 173
Suppose -10526677 = -403*i - 1974211. What are the prime factors of i?
2, 3, 131
Let t(q) = -18*q + 12. Let p be t(-1). What are the prime factors of (-684)/p*50/(-15)?
2, 19
Let x = 34 - 34. Suppose 3*w - 3*u + 3 = -0, -4*w + u - 7 = x. What are the prime factors of ((-10)/(-4))/(w/(-12))?
3, 5
Let y(k) = 211 - 51*k + 0*k + 8*k - 215. What are the prime factors of y(-4)?
2, 3, 7
Let i = 3 + 48. Suppose 0 = -4*j + j + 15. Let u = j + i. List the prime factors of u.
2, 7
Let d be 715 + (4/